ainder when 3*(47/(-3))/(-1) is divided by g.
15
Let b(d) = -d**2 + 9*d - 6. Let q be b(9). Let i(r) = -6*r - 1. Calculate the remainder when i(q) is divided by 12.
11
Suppose -k = p - 8, -2*p - 3*p + 32 = 3*k. What is the remainder when (k - (-39 + 1)) + -2 is divided by 21?
19
Suppose -2*b - 2*b = -8. What is the remainder when b is divided by (-6)/(-9)*(1/1 - -2)?
0
Let y(d) = 4*d**3 - 7*d**2 + 3*d - 1. Let g(j) = -j**3. Let p(a) = 3*g(a) + y(a). Calculate the remainder when p(7) is divided by 7.
6
Let j(h) = -h**2 + 5*h. Let k be j(6). Let p(u) = u**3 + 5*u**2 - 5*u + 9. What is the remainder when 6 is divided by p(k)?
0
Suppose -12 = -0*k - 2*k. Let z = 86 - 51. Let p = z - 24. Calculate the remainder when p is divided by k.
5
Suppose -2*k = -3*a + 1, -2*k + 8*a - 3*a + 1 = 0. Let y be (4 + k)*(-2)/4. Let f(n) = -28*n. Calculate the remainder when f(y) is divided by 10.
8
Let p(d) = d**3 + 5*d**2 - 8*d - 4. Let c be p(-6). Suppose -11*r = -c*r - 63. Calculate the remainder when r is divided by 8.
5
Calculate the remainder when 4 is divided by (3 + 1 + 0)/2.
0
Let g = -22 - -16. Calculate the remainder when ((-52)/g)/((-4)/(-6)) is divided by 7.
6
Let t(w) = w**3 + 13*w**2 + 8*w + 7. Suppose 2*v - 4*v - 18 = 0. Let j = -21 - v. What is the remainder when t(j) is divided by 14?
13
Suppose 0 = i + 4 - 2. Let u be i*((0 - -2) + -3). Suppose 0*b - u*b + 8 = 0. Calculate the remainder when b is divided by 3.
1
Let g(a) = a**2 - 9*a - 13. Let x be g(10). Let l(n) = n**3 + 4*n**2 + 2*n + 1. What is the remainder when 7 is divided by l(x)?
3
Let k = -184 + 262. Calculate the remainder when k is divided by 22.
12
Let k(q) = q**2 + 3*q + 5. Calculate the remainder when 17 is divided by k(-4).
8
Suppose 0 = -2*a - 10 + 64. What is the remainder when 51 is divided by a?
24
Suppose -2*c = 3*c - 4*q - 40, 5*q = 5*c - 40. Suppose 0 = -4*x - 4*r - c, 2*x + 8 = -0*r - 3*r. Let b = 2 + 0. What is the remainder when b is divided by x?
0
Suppose -18 = x + 49. Let o = x - -102. What is the remainder when o is divided by 18?
17
Suppose 17 = -5*m + 2. What is the remainder when 56 is divided by (3 - 9)/m - -17?
18
Let d(v) = v**3 - 5*v**2 - 15*v + 8. What is the remainder when 4 is divided by d(7)?
0
Suppose -29 = -4*f - 77. Let y be (-4)/10 + f/(-5). Suppose 2*k - b + 3 - 19 = 0, y*k - 4*b = 16. What is the remainder when k is divided by 5?
3
Suppose -3*b - 3 = 5*w, -w = 4*w + 15. Suppose 8*o = b*o + 12. Calculate the remainder when 11 is divided by o.
2
Let r be (2/(-3))/(6/(-9)). Let l be 3*((-1 - 2) + 2). Calculate the remainder when 17 is divided by (r - l - -2) + 0.
5
Let y = -264 - -395. Calculate the remainder when y is divided by 44.
43
Suppose s = -3*s + 320. Calculate the remainder when 3 + (-3)/((-6)/s) is divided by 15.
13
Suppose -6*p = -3*p - 27. Calculate the remainder when p is divided by (-3)/3 + -2 + 6 + 3.
3
Let d(q) = q**2 + 9*q + 10. Let g be d(-8). Suppose g*k - 3*x - 2*x - 58 = 0, -62 = -3*k - 5*x. What is the remainder when 47 is divided by k?
23
Let m = -26 - -42. What is the remainder when 95 is divided by m?
15
Suppose 23 + 14 = d + q, -165 = -5*d - q. Calculate the remainder when d is divided by 7.
4
Let o(m) be the first derivative of -2*m**2 + 4*m + 5. Calculate the remainder when 39 is divided by o(-4).
19
Let o = 27 + -14. Let i = 7 - 5. Calculate the remainder when o is divided by (1*-1)/(i/(-14)).
6
Suppose -4*p + 7*p = -108. What is the remainder when p/(-27)*4*3 is divided by 10?
6
Suppose -19*m + 14*m = -1185. Calculate the remainder when m is divided by 15.
12
Let l = 25 - 15. What is the remainder when 3*(-7)/126 - (-350)/12 is divided by l?
9
Let v = 3 - -18. Calculate the remainder when 39 is divided by v.
18
Let q(x) = -x**2 + 11*x + 15. Let f(c) = -c**2 - 11*c - 19. Let d be f(-6). What is the remainder when -58*(-2)/10*5 is divided by q(d)?
13
Let y be 1*(3 + -7) + 1. Calculate the remainder when 5 is divided by y + (2 - 3 - -7).
2
Let o = -1 + 1. Suppose o = -5*h - 6 + 76. Suppose h = 2*r - 2. Calculate the remainder when 15 is divided by r.
7
Suppose -j + 3*j - 212 = 0. Calculate the remainder when j is divided by 18.
16
Calculate the remainder when 41 is divided by (-13 - -15) + (1 - -1).
1
Let x(u) = -u**2 - 20*u + 3. Suppose -2*d - 1 + 3 = 0. What is the remainder when x(-20) is divided by d?
0
Let w(o) = 8*o + 13. What is the remainder when 24 is divided by w(0)?
11
Let q(j) = -j**3 - 8*j**2 + 2*j - 6. What is the remainder when q(-9) is divided by 34?
23
Suppose -7 = -2*k + 3. Suppose p - k = -0*p. What is the remainder when 9 is divided by p?
4
Let z(x) = -19*x + 11. What is the remainder when z(-7) is divided by 21?
18
Let o be 34/4 - 3/6. Suppose -4*u = -0*h + 4*h + o, 2*h - 5 = u. Calculate the remainder when ((-3)/(-6))/(2/4) is divided by h.
0
Let v be ((-10)/8)/((-3)/132). Suppose -v - 30 = -5*f. Calculate the remainder when 33 is divided by f.
16
Let l(d) be the first derivative of -1 + 2*d - 11/2*d**2. Calculate the remainder when l(-3) is divided by 9.
8
Calculate the remainder when (-1580)/(-40) - (-1)/2 is divided by 21.
19
Let b = 3 + 1. Suppose -b*r + 84 = 3*u, -2*u + 0*r + 45 = -r. What is the remainder when u is divided by 13?
11
Let d(b) = b**2 + b - 12. Let g = 29 - 13. What is the remainder when d(6) is divided by g?
14
Suppose -4*n - 25 = -3*y, 0 = -5*n - 4*y + 3 - 42. Let l(q) = -q - 4. Calculate the remainder when 8 is divided by l(n).
2
Suppose -2*f + 5*z + 61 = 0, -3*f + 0*f - 5*z = -104. Let v = -10 - -22. Calculate the remainder when f is divided by v.
9
Suppose -16 - 7 = -5*z - 3*a, -2*z = -4*a - 4. Suppose 5*g = 2*m + z*g - 9, g + 5 = m. What is the remainder when 16/2 - m/(-4) is divided by 5?
4
Let b = 4 - 2. Suppose -5*z - y = -2*z - b, z + 5*y = -18. Suppose -z*p + 3*p - 14 = 0. Calculate the remainder when p is divided by 8.
6
Calculate the remainder when 56 is divided by -4 - 3*(-100)/(-15)*-1.
8
Suppose 4*b - 8 = 8. Calculate the remainder when b - 2/2 - -21 is divided by 13.
11
Let f(s) = -s + 57. What is the remainder when f(-7) is divided by 25?
14
Suppose -7*p + 56 = -21. Calculate the remainder when 19 is divided by p.
8
Suppose -5*c + 29 + 81 = 0. Calculate the remainder when 42 is divided by c.
20
What is the remainder when 82 is divided by (54/(-30))/(12/(-280))?
40
Calculate the remainder when 69 is divided by (-2)/(-10) - 2*534/(-60).
15
Suppose -14 + 38 = 4*c + 2*a, 3*c + 5*a = 32. What is the remainder when 6 is divided by c?
2
Suppose -2*v + v - 30 = 0. Let i = v + 67. Calculate the remainder when i is divided by 13.
11
Let b(n) = 6*n + 63. What is the remainder when b(11) is divided by 26?
25
What is the remainder when (94/(-6) + 14/(-7))*-3 is divided by 14?
11
Let d = 22 - 17. Let g be 2*4 + (3 - 1). Suppose 2*v + g = 38. What is the remainder when v is divided by d?
4
Let d(g) be the third derivative of g**5/60 + g**4/6 - 2*g**2. Let q be (-8)/2 + (0 - 1). Calculate the remainder when 14 is divided by d(q).
4
Suppose 4*m + 8 = -3*c, -2*m + 3*c + 15 = 1. Let w = -1 + m. Suppose 4*x - 5*v = 44, w = -x - 3*x + 3*v + 36. Calculate the remainder when 16 is divided by x.
4
Suppose 5 = f - 0. Suppose f*n = -2 + 22. Calculate the remainder when 7 is divided by n.
3
Let x(n) = n**2 - 3*n + 1. Let y be x(5). Let d = 13 - y. Calculate the remainder when 4 is divided by d.
0
Let q = 170 + -117. What is the remainder when 209 is divided by q?
50
Suppose 0 = s + 3*j - 84, 4*s + 4*j - 336 = 24. What is the remainder when s is divided by 47?
46
Let m = 4 + -13. Let l(t) = -t**3 - 8*t**2 + 8*t + 12. Calculate the remainder when 39 is divided by l(m).
18
Calculate the remainder when 118 is divided by 8*(-5)/10*-5.
18
Suppose l + i = -0*l + 70, -2*l + 3*i + 140 = 0. Calculate the remainder when l is divided by 18.
16
Let d(q) = 2*q - 1. Let j be 1/(((-6)/4)/(-3)). Suppose a + j*a = -4*k + 4, 3*k = -a - 2. Calculate the remainder when 20 is divided by d(a).
6
Let v = -96 + 139. Calculate the remainder when 126 is divided by v.
40
Let i = 191 - 119. Calculate the remainder when i is divided by 26.
20
Let x(q) = 7*q - 2. Let a be x(6). Let s be (-264)/a + (-3)/(-5). What is the remainder when 4 is divided by 3/s*1*-6?
1
Let g be (3/2)/(3/20). Calculate the remainder when ((-5)